 13?
False
Is 22558624 a multiple of 19?
True
Does 22 divide 15474096?
True
Is 1266905952 a multiple of 52?
True
Is 155 a factor of 116740575?
True
Does 2316 divide 57677664?
True
Does 2848 divide 89880625?
False
Is 382917834 a multiple of 12?
False
Is 239357638 a multiple of 26?
True
Is 1327 a factor of 66300107?
False
Does 1493 divide 530376306?
True
Is 191 a factor of 270540044?
False
Is 748 a factor of 1979233008?
False
Is 728 a factor of 41284413?
False
Is 867962239 a multiple of 1110?
False
Does 9 divide 113852970?
True
Is 355370400 a multiple of 48?
True
Does 669 divide 64843806?
False
Is 29 a factor of 66315402?
True
Does 25 divide 41285775?
True
Is 95224719 a multiple of 1794?
False
Is 392518158 a multiple of 455?
False
Does 60 divide 616674478?
False
Is 21861371 a multiple of 119?
True
Is 81841968 a multiple of 988?
True
Does 3217 divide 654778529?
True
Is 100703564 a multiple of 13?
True
Does 2 divide 14879937?
False
Is 541682715 a multiple of 105?
True
Is 12 a factor of 153847079?
False
Does 1130 divide 919674230?
True
Does 1705 divide 635771315?
False
Is 49104800 a multiple of 8?
True
Does 98 divide 44910754?
True
Is 28510843 a multiple of 17?
False
Is 226 a factor of 34773659?
False
Is 7 a factor of 105070126?
True
Is 10 a factor of 4006989334?
False
Does 16 divide 47269760?
True
Does 20 divide 132292660?
True
Is 29 a factor of 11254030?
True
Does 106 divide 87364491?
False
Is 135839313 a multiple of 51?
False
Is 52935524 a multiple of 1322?
True
Is 14808096 a multiple of 216?
True
Does 32 divide 17066387?
False
Is 94370112 a multiple of 576?
True
Does 173 divide 15350117?
True
Is 18 a factor of 4936302?
True
Is 7010 a factor of 235872480?
True
Is 111 a factor of 72815924?
False
Is 29673279 a multiple of 30?
False
Does 1109 divide 86800443?
False
Is 1656351986 a multiple of 2203?
True
Does 303 divide 231003867?
True
Is 10948024 a multiple of 203?
False
Does 17 divide 7510804?
True
Does 52 divide 44972332?
False
Does 38 divide 320980919?
False
Is 1496 a factor of 44515987?
False
Is 56 a factor of 10098124?
False
Is 463 a factor of 140219087?
True
Does 3 divide 21318796?
False
Is 730 a factor of 180563660?
False
Does 84 divide 52045403?
False
Is 141 a factor of 58173075?
True
Does 28 divide 79107984?
False
Is 14 a factor of 18804086?
True
Does 1188 divide 17775213?
False
Is 68 a factor of 5339853?
False
Is 2235510339 a multiple of 59?
False
Does 19 divide 22669128?
True
Is 716958507 a multiple of 459?
False
Is 132938610 a multiple of 609?
True
Does 15 divide 11198580?
True
Is 4017537 a multiple of 8?
False
Is 91 a factor of 106976506?
True
Is 1022322175 a multiple of 7?
True
Is 13012907 a multiple of 1117?
False
Is 342907 a multiple of 2?
False
Is 3817692408 a multiple of 24?
True
Does 79 divide 153619861?
False
Does 2794 divide 554885606?
True
Is 1517496540 a multiple of 42?
True
Does 46 divide 21037594?
True
Does 6 divide 367438404?
True
Does 11 divide 19342367?
True
Does 644 divide 399527274?
False
Does 707 divide 37443965?
False
Is 297610823 a multiple of 58?
False
Is 1044 a factor of 72773211?
False
Does 15 divide 56341260?
True
Does 237 divide 306745545?
True
Does 32 divide 36715690?
False
Is 18 a factor of 27935154?
True
Is 972 a factor of 359622842?
False
Does 21 divide 4133367959?
False
Is 41825960 a multiple of 46?
True
Does 16 divide 5396464?
True
Does 198 divide 2250784?
False
Is 35 a factor of 3390275?
True
Is 3813171 a multiple of 6?
False
Does 20 divide 53233240?
True
Is 1373 a factor of 2101840292?
False
Does 7 divide 3635851121?
True
Is 2706282288 a multiple of 12?
True
Does 39 divide 1170086814?
True
Does 22 divide 40093570?
True
Does 2162 divide 69443440?
True
Is 19 a factor of 10091847?
False
Does 24 divide 1442107992?
True
Is 106252266 a multiple of 13?
False
Is 33 a factor of 100477707?
True
Is 1084021 even?
False
Is 5336084043 a multiple of 53?
True
Is 12492348 a multiple of 418?
True
Is 163870038 a multiple of 18?
True
Does 46 divide 988580968?
False
Does 2744 divide 141313256?
True
Does 85 divide 15227495?
True
Is 106 a factor of 310769316?
True
Is 17 a factor of 9504394?
True
Is 535376791 a multiple of 28?
False
Is 80 a factor of 44016600?
False
Is 5444600 even?
True
Is 8802 a factor of 2276380408?
False
Does 16 divide 1713486146?
False
Is 419740099 a multiple of 313?
False
Does 6 divide 1289775024?
True
Is 630 a factor of 17164980?
True
Does 2018 divide 143321306?
False
Does 20 divide 25898714?
False
Does 67 divide 4710205?
False
Is 4814 a factor of 751922730?
True
Is 1806159438 a multiple of 54?
True
Does 1862 divide 128044061?
False
Is 18895602 a multiple of 17?
True
Is 274 a factor of 70993538?
False
Is 21922386 a multiple of 51?
False
Is 527902205 a multiple of 145?
False
Is 11300926 a multiple of 3?
False
Is 789848014 a multiple of 23?
True
Is 86417716 a multiple of 644?
True
Is 1102 a factor of 86433996?
False
Is 9984810 a multiple of 55?
True
Is 5147760 a multiple of 60?
True
Is 83937525 a multiple of 2621?
True
Does 93 divide 216101031?
True
Is 153 a factor of 3451068?
True
Is 14 a factor of 707427546?
True
Does 817 divide 5539744481?
True
Is 14 a factor of 2111137280?
True
Is 144 a factor of 177545088?
True
Is 219439300 a multiple of 20?
True
Does 575 divide 32384000?
True
Is 10 a factor of 2732040?
True
Is 26 a factor of 255032643?
False
Is 642841296 a multiple of 181?
False
Is 482992892 even?
True
Does 631 divide 1257112905?
True
Is 46 a factor of 1417786385?
False
Is 16 a factor of 35276422?
False
Is 934 a factor of 458883540?
True
Is 110 a factor of 156530231?
False
Is 23387462 a multiple of 1458?
False
Is 279 a factor of 8789326?
False
Is 434399971 a multiple of 135?
False
Is 26117078 a multiple of 125?
False
Is 18 a factor of 1430427726?
True
Is 14 a factor of 9312184?
True
Is 15 a factor of 664329195?
True
Is 24554763 a multiple of 9?
True
Is 442 a factor of 351102700?
True
Is 13 a factor of 763435434?
False
Is 585 a factor of 101591779?
False
Does 79 divide 56472047?
False
Is 358055324 a multiple of 11?
True
Does 667 divide 1362524255?
True
Is 172 a factor of 129530104?
True
Is 48 a factor of 126793248?
True
Is 252836832 a multiple of 30?
False
Is 17602308 a multiple of 747?
True
Is 121041903 a multiple of 214?
False
Is 2515 a factor of 688572383?
False
Does 3222 divide 108069102?
True
Is 9 a factor of 226572307?
False
Is 9 a factor of 1763757630?
True
Is 3576959 a multiple of 562?
False
Is 213 a factor of 1039615?
False
Is 7 a factor of 119071554?
True
Is 547087436 a multiple of 29?
True
Does 132 divide 108946860?
True
Is 3 a factor of 12126?
True
Is 266819520 a multiple of 60?
True
Is 248 a factor of 2863478680?
True
Is 130 a factor of 41056080?
True
Does 1033 divide 155011519?
False
Is 1368502 a multiple of 3?
False
Is 1102 a factor of 259896782?
True
Is 33 a factor of 1772104?
False
Does 32 divide 7297133118?
False
Is 4385135 a multiple of 206?
False
Is 56153649 a multiple of 69?
True
Does 5 divide 421246171?
False
Is 67 a factor of 44187785?
False
Does 25 divide 2684970241?
False
Is 4883758 a multiple of 157?
False
Is 3556 a factor of 75148948?
True
Does 6 divide 1468398958?
False
Does 20 divide 401939?
False
Is 31575143 a multiple of 5?
False
Is 6121325 a multiple of 2?
False
Is 589 a factor of 1512616642?
False
Is 23 a factor of 32827058?
False
Is 768016697 a multiple of 246?
False
Is 202 a factor of 3477439176?
False
Is 10 a factor of 82952640?
True
Is 661829168 a multiple of 1220?
False
Is 165228 a multiple of 843?
True
Does 110 divide 596111230?
True
Is 371 a factor of 30183447?
True
Is 751078240 a multiple of 1174?
True
Does 62 divide 36817646?
True
Does 28 divide 43789424?
True
Is 21 a factor of 36183882?
True
Is 567 a factor of 652837563?
True
Is 76 a factor of 2646789300?
True
Does 120 divide 15866019?
False
Is 3382139399 a multiple of 31?
False
Is 247 a factor of 178126026?
True
Does 17 divide 12231243?
False
Is 2 a factor of 64142671?
False
Is 55876259 a multiple of 792?
False
Is 7 a factor of 80263088?
False
Is 99015805 a multiple of 23?
True
Is 104968248 a multiple of 398?
False
Is 35 a factor of 2074475783?
False
Is 126450513 a multiple of 25?
False
Is 6608290290 a multiple of 110?
False
Does 3835 divide 145071578?
False
Is 153 a factor of 9308021?
False
Is 9037876